 a(m).
347
Suppose 10 = 6*p + 94. List the prime factors of ((-4)/p)/((-52)/(-5824)).
2
Let q be (2 + 35/(-10))/((-12)/(-1712)). Let c = q + 260. What are the prime factors of c?
2, 23
Let b = -10 - -19. Let t be ((0 - 2) + (-27)/b)*-1. Suppose -m + 5*i = -84, t*i = 2*m + 4*i - 195. List the prime factors of m.
3, 11
Let y be (-1)/(-2)*-2*(2 - -177). What are the prime factors of 222/37 - y*2?
2, 7, 13
Suppose -106*s + 57563 = -95*s. List the prime factors of s.
5233
Let x = 243 + -241. Suppose -1060 = -x*f + 3*r - 5*r, 5*r = -f + 522. What are the prime factors of f?
2, 7, 19
Let u = -349 - -141. Let x = u - -107. Let k = x + 212. List the prime factors of k.
3, 37
Suppose 5*r - 5*c = 3535, -3*r + 2113 = -132*c + 127*c. What are the prime factors of r?
3, 79
What are the prime factors of (-20 + -17)*235*-1 + 2 + 3?
2, 3, 5, 29
Let p(a) = a**3 - 10*a**2 + 10*a - 23. Let u be p(8). Let w be (145 - (2 - 1))*20/15. Let l = w + u. List the prime factors of l.
11
Let c be 44/6 + 12/(-9) + 2. Let u = 10 - c. Suppose -u*w - 3*f = -297, -5*w - 2*f - 295 = -1010. What are the prime factors of w?
3, 47
What are the prime factors of (-1260392)/84*(-8 + 5)?
2, 71, 317
Let u = -9 - -9. Let r = -127 + 291. Suppose m = -3*m + 12, u = -4*k + 4*m + r. List the prime factors of k.
2, 11
Let c = -55 + 59. Let n(p) = 161*p + 48. List the prime factors of n(c).
2, 173
Suppose -b + 4*b - 24 = -4*r, -r = 5*b - 23. Suppose -3*g + 1209 = b*j, 820 = 2*g - 0*g - 2*j. What are the prime factors of g?
11, 37
Suppose 24*n = 28119 + 53025. List the prime factors of n.
3, 7, 23
Let n = 74 - 31. Let l = n + -38. Suppose -g + 4*t = -48, -272 - 22 = -l*g + 2*t. What are the prime factors of g?
2, 3, 5
Let u be (-1 - 156/3)*(0 - 1). Let n = 85 - u. Let y = 201 - n. List the prime factors of y.
13
Suppose 2*c = 4*r + 1418, 5*r - 2784 = c - 5*c. Let i = c + -412. List the prime factors of i.
17
Let b = 123 - 113. List the prime factors of (-1478)/(b/(3 - 8)).
739
Suppose 444 + 4812 = -4*j. List the prime factors of 16/120*-5*j.
2, 3, 73
Let a = -3021 - -4474. What are the prime factors of a?
1453
Suppose 0 = 5*y - 5*i - 5, 4 = 23*y - 20*y - 4*i. Suppose y = -21*t - 5569 + 16909. List the prime factors of t.
2, 3, 5
Suppose 4*a - 2*a - 28 = -4*d, 5*a + 8 = 3*d. Let q(k) = 15*k + 20. Let g(l) = l + 3. Let b(v) = -4*g(v) + q(v). List the prime factors of b(d).
2, 37
Suppose 2*u - 24095 = -3*q, 0 = 14*u - 11*u + 5*q - 36144. List the prime factors of u.
12043
List the prime factors of (36/342 + (-430868)/228)/((-2)/18).
3, 5669
Let k = -45366 + 75995. List the prime factors of k.
109, 281
Suppose 0 = 11*s - 12*s + 3. Let j be -10*(-19 + (s - 3)). Suppose -3*q + q + j = 0. List the prime factors of q.
5, 19
Let o be (-6 - 2) + 3 - 5. Let h be 361/(-3)*(-13 - o). Suppose -4*j = -h - 187. List the prime factors of j.
137
Suppose 5*x - 3851 = -3*u + 23420, -4*x + 21814 = u. List the prime factors of x.
7, 19, 41
Let x(i) = -i + 2. Let n be x(-2). Suppose 3*k - n*m = 137, -m - 139 = -3*k + 4*m. Let h = -36 + k. List the prime factors of h.
7
Let a(m) = m**3 + 85*m**2 + 72*m + 515. What are the prime factors of a(-77)?
42403
Let i(w) = -2156*w + 1653. What are the prime factors of i(-5)?
12433
What are the prime factors of 45/(-18)*1 - 76473/(-2)?
2, 7, 2731
Suppose 25401 = 3*b - o, b - 8467 = -289*o + 293*o. What are the prime factors of b?
8467
Let j = -1254 - -17600. What are the prime factors of j?
2, 11, 743
Let b(g) = 1614*g - 1716. What are the prime factors of b(20)?
2, 3, 283
Let k = 159 - 71. Let v = -83 + k. Let l(i) = 17*i - 7. List the prime factors of l(v).
2, 3, 13
Let x(h) = h**2 + 1. Let i be x(-6). Suppose 4494 = 43*o - i*o. What are the prime factors of o?
7, 107
Let x(q) = q**3 - 25*q**2 + 45*q + 26. Let r be x(23). Suppose 0 = -r*y - 4*t - 1666 + 7126, 5*t = 0. What are the prime factors of y?
2, 5, 7, 13
Let s = 1731 - -379. What are the prime factors of s?
2, 5, 211
Let l(p) be the first derivative of -23*p**2 + 18*p + 3. Let y be l(-12). Suppose -7*j + y - 129 = 0. What are the prime factors of j?
3, 7
What are the prime factors of 36019 - 18/90*30?
36013
Let j(k) be the second derivative of -k**3/2 + 9*k**2/2 - 4*k. Let s be j(4). List the prime factors of 5*6 + 6/s.
2, 7
Suppose 7*j - 21*j + 1232 = 0. Let o = 92 - j. Let m(w) = 51*w + 4. What are the prime factors of m(o)?
2, 13
Let v(z) = z**3 - 7*z**2 - 6*z - 6. Let f be v(8). Suppose -f = 4*r + 10. List the prime factors of (43 + r)*(-2)/(-2).
2, 19
Let c(f) = -29245*f + 2790. What are the prime factors of c(-2)?
2, 5, 383
Let z(u) = u**3 - 9*u**2 + 42*u + 47. What are the prime factors of z(13)?
3, 47
Let j be ((-8510)/(-111))/(-1 + 10/6). Suppose -1077 = 112*k - j*k. What are the prime factors of k?
359
Suppose 0 = -5*t + 19*c - 22*c + 97902, 0 = 3*t + c - 58738. What are the prime factors of t?
2, 3, 13, 251
Let k(m) = -183*m - 44. Let z(d) = -183*d - 41. Let i(w) = -3*k(w) + 2*z(w). List the prime factors of i(5).
5, 193
List the prime factors of (223100/2)/(-5)*58/(-145).
2, 23, 97
List the prime factors of -19 + 2686 + (-5 - 1).
3, 887
List the prime factors of (1*(-17634)/(-9))/(1/3).
2, 2939
Let l(s) = -s**3 + 8*s**2 + 13*s - 6. Let n be l(7). Suppose -20 = 4*z + 104. Let b = n + z. List the prime factors of b.
103
Let k = -8 - -21. Suppose 2*t - k + 1 = 0. Let s(f) = 2*f + 1. List the prime factors of s(t).
13
Let l(k) be the second derivative of -k**5/20 - 11*k**4/12 + 2*k**3 + 3*k**2 - 80*k. Let m be -14 + 3 + -3 + 2. What are the prime factors of l(m)?
2, 3
Let j = 133 + -131. Let r(s) = 79*s**3 - 3*s + 1. Let h(q) = 238*q**3 - 10*q + 4. Let f(g) = j*h(g) - 7*r(g). What are the prime factors of f(-1)?
7, 11
Let k(r) = -r**3 - 44*r**2 + 90*r - 79. Let z be k(-46). Suppose -4*s = -z*s + 7785. List the prime factors of s.
5, 173
Let n = 78 - 75. Suppose 0 = m + n. Let p(q) = -20*q - 4. List the prime factors of p(m).
2, 7
Suppose 0 = 3*p - 4*p - c + 2, -2*p + 39 = -5*c. Suppose p*t - 23*t = -1104. List the prime factors of t.
3, 23
Suppose -120 = -28*i + 16*i. Suppose i = -5*d, 3*a - 19*d + 17*d = 655. What are the prime factors of a?
7, 31
Suppose -2*h + 4*r + 25260 + 6178 = 0, 47153 = 3*h - 5*r. List the prime factors of h.
3, 5237
Let t be 16 - 3 - (10 + -6). Suppose t*k + 8 = 8*k. List the prime factors of (-133)/(-2) - 4/k.
67
What are the prime factors of (-3)/(-5)*13810745/537?
13, 1187
Let d(v) = -2*v**2 + 8*v - 3. Let y be d(3). Let t(g) = -11*g**2 - 4*g + 5. Let s be t(4). Let z = y - s. What are the prime factors of z?
2, 5, 19
Suppose 4*d = 2*v + 26140, -3646 - 9418 = -2*d + 4*v. List the prime factors of d.
2, 19, 43
Let q(n) = -20. Let v(r) = -r - 21. Let j(x) = -4*q(x) + 3*v(x). Let s be j(5). Suppose 5 = s*p + 4*c - c, p + 5*c + 1 = 0. What are the prime factors of p?
2
Let a be (6/(24/76))/(2/4). Suppose -630 = -7*d + d. Suppose -13*s = -d - a. List the prime factors of s.
11
Let d = 14563 - 8660. List the prime factors of d.
5903
Suppose -3652715 = 94*o - 325*o + 6849469. List the prime factors of o.
2, 5683
Suppose -32*b + 36*b = 176. Let s(o) = b - 34*o - 28*o - 41. What are the prime factors of s(-3)?
3, 7
Let p(s) = 661*s - 1. Let u be p(1). Let l be (-2)/(-17) + u/170. Suppose 0 = -r + z + 120, l*r + 255 = -2*z + 711. List the prime factors of r.
2, 29
Let b = -20 + 38. Suppose -b*s + 15 = -13*s. Suppose -315 = -s*p - 51. List the prime factors of p.
2, 11
Let d be (16 + (-15 - -19))*3/5. Suppose 0 = d*p - 156 - 11172. What are the prime factors of p?
2, 59
Let k(y) = -y**2 - 16*y + 2. Let h be k(-17). Let o be (h/(-20) + -3)*4*-6. Suppose -o - 1305 = -9*a. List the prime factors of a.
151
Let o(i) = i + 6. Suppose -4*v - 3*f = -f + 18, v + 3*f + 17 = 0. Let s(m) = 1. Let y(g) = v*s(g) + o(g). What are the prime factors of y(-2)?
2
Let j be 1/(-7*5/(-43120)). Let w = 2389 - j. List the prime factors of w.
13, 89
Suppose 0 = 3*a + 2*a - 45. Suppose -4*h + a = -27. List the prime factors of (9/3)/(h/300).
2, 5
Suppose -695*z + 1363*z + 810509 = 685*z. List the prime factors of z.
7, 139
Let r be ((-86)/(-4))/(1/6). Suppose x - 5*i + 27 = 0, 0 = -3*x - 6*i + 10*i - 48. Let j = r + x. What are the prime factors of j?
3, 13
List the prime factors of 4 + (-85)/20 - (-1 - (-158007)/